{"id":1619,"date":"2025-10-21T16:56:44","date_gmt":"2025-10-21T16:56:44","guid":{"rendered":"https:\/\/wflatam.com\/?page_id=1619"},"modified":"2025-11-14T22:10:33","modified_gmt":"2025-11-14T22:10:33","slug":"hyrox","status":"publish","type":"page","link":"https:\/\/wflatam.com\/?page_id=1619","title":{"rendered":"HYROX"},"content":{"rendered":"\t\t<div data-elementor-type=\"wp-page\" data-elementor-id=\"1619\" class=\"elementor elementor-1619\">\n\t\t\t\t<div class=\"elementor-element elementor-element-7582e82 e-con-full e-flex e-con e-parent\" data-id=\"7582e82\" data-element_type=\"container\" data-e-type=\"container\" data-settings=\"{&quot;background_background&quot;:&quot;slideshow&quot;,&quot;background_slideshow_gallery&quot;:[{&quot;id&quot;:1626,&quot;url&quot;:&quot;https:\\\/\\\/wflatam.com\\\/wp-content\\\/uploads\\\/2025\\\/10\\\/BANNER_textura_hyrox.png&quot;}],&quot;background_slideshow_loop&quot;:&quot;yes&quot;,&quot;background_slideshow_slide_duration&quot;:5000,&quot;background_slideshow_slide_transition&quot;:&quot;fade&quot;,&quot;background_slideshow_transition_duration&quot;:500}\">\n\t\t\t\t<div class=\"elementor-element elementor-element-5bcdbfc elementor-widget elementor-widget-image\" data-id=\"5bcdbfc\" data-element_type=\"widget\" data-e-type=\"widget\" data-widget_type=\"image.default\">\n\t\t\t\t<div class=\"elementor-widget-container\">\n\t\t\t\t\t\t\t\t\t\t\t\t\t\t\t<img fetchpriority=\"high\" decoding=\"async\" width=\"1920\" height=\"400\" src=\"https:\/\/wflatam.com\/wp-content\/uploads\/2025\/10\/BANNER_PRINCIPAL_HYROX.png\" class=\"attachment-full size-full wp-image-1625\" alt=\"\" srcset=\"https:\/\/wflatam.com\/wp-content\/uploads\/2025\/10\/BANNER_PRINCIPAL_HYROX.png 1920w, https:\/\/wflatam.com\/wp-content\/uploads\/2025\/10\/BANNER_PRINCIPAL_HYROX-300x63.png 300w, https:\/\/wflatam.com\/wp-content\/uploads\/2025\/10\/BANNER_PRINCIPAL_HYROX-1024x213.png 1024w, https:\/\/wflatam.com\/wp-content\/uploads\/2025\/10\/BANNER_PRINCIPAL_HYROX-768x160.png 768w, https:\/\/wflatam.com\/wp-content\/uploads\/2025\/10\/BANNER_PRINCIPAL_HYROX-1536x320.png 1536w\" sizes=\"(max-width: 1920px) 100vw, 1920px\" \/>\t\t\t\t\t\t\t\t\t\t\t\t\t\t\t<\/div>\n\t\t\t\t<\/div>\n\t\t\t\t<\/div>\n\t\t<div class=\"elementor-element elementor-element-0512ed8 e-flex e-con-boxed e-con e-parent\" data-id=\"0512ed8\" data-element_type=\"container\" data-e-type=\"container\" data-settings=\"{&quot;background_background&quot;:&quot;slideshow&quot;,&quot;background_slideshow_gallery&quot;:[{&quot;id&quot;:1626,&quot;url&quot;:&quot;https:\\\/\\\/wflatam.com\\\/wp-content\\\/uploads\\\/2025\\\/10\\\/BANNER_textura_hyrox.png&quot;}],&quot;background_slideshow_slide_transition&quot;:&quot;slide_right&quot;,&quot;background_slideshow_loop&quot;:&quot;yes&quot;,&quot;background_slideshow_slide_duration&quot;:5000,&quot;background_slideshow_transition_duration&quot;:500}\">\n\t\t\t\t\t<div class=\"e-con-inner\">\n\t\t\t\t<div class=\"elementor-element elementor-element-552210f elementor-widget elementor-widget-spacer\" data-id=\"552210f\" data-element_type=\"widget\" data-e-type=\"widget\" data-widget_type=\"spacer.default\">\n\t\t\t\t<div class=\"elementor-widget-container\">\n\t\t\t\t\t\t\t<div class=\"elementor-spacer\">\n\t\t\t<div class=\"elementor-spacer-inner\"><\/div>\n\t\t<\/div>\n\t\t\t\t\t\t<\/div>\n\t\t\t\t<\/div>\n\t\t\t\t<div class=\"elementor-element elementor-element-58d3aa7 elementor-widget elementor-widget-text-editor\" data-id=\"58d3aa7\" data-element_type=\"widget\" data-e-type=\"widget\" data-widget_type=\"text-editor.default\">\n\t\t\t\t<div class=\"elementor-widget-container\">\n\t\t\t\t\t\t\t\t\t<h4 style=\"text-align: center;\"><i style=\"color: #ffffff; font-weight: normal; font-family: inherit; font-size: inherit; font-variant-ligatures: inherit; font-variant-caps: inherit;\">Esta certificaci\u00f3n est\u00e1 centrada en una experiencia de formaci\u00f3n te\u00f3rica y pr\u00e1ctica dise\u00f1ada para entrenadores, atletas y apasionados del fitness que buscan llevar su conocimiento de <\/i><i style=\"color: #ffffff; font-family: inherit; font-size: inherit; font-variant-ligatures: inherit; font-variant-caps: inherit;\">HYROX <\/i><i style=\"color: #ffffff; font-weight: normal; font-family: inherit; font-size: inherit; font-variant-ligatures: inherit; font-variant-caps: inherit;\">al siguiente nivel.<\/i><\/h4>\n<p style=\"text-align: center;\">\n<\/p>\t\t\t\t\t\t\t\t<\/div>\n\t\t\t\t<\/div>\n\t\t\t\t<div class=\"elementor-element elementor-element-84081d9 elementor-widget elementor-widget-text-editor\" data-id=\"84081d9\" data-element_type=\"widget\" data-e-type=\"widget\" data-widget_type=\"text-editor.default\">\n\t\t\t\t<div class=\"elementor-widget-container\">\n\t\t\t\t\t\t\t\t\t<h4 style=\"text-align: center;\"><strong><span style=\"color: #f9b740;\">SER\u00c1 IMPARTIDO POR:<\/span><\/strong><\/h4><div style=\"text-align: center;\"><span style=\"color: #ffffff;\"><strong>Nu\u00f1o P\u00e9rez Pl\u00e1 y Alan Benabib<\/strong><\/span><\/div>\t\t\t\t\t\t\t\t<\/div>\n\t\t\t\t<\/div>\n\t\t\t\t<div class=\"elementor-element elementor-element-213da04 elementor-widget elementor-widget-text-editor\" data-id=\"213da04\" data-element_type=\"widget\" data-e-type=\"widget\" data-widget_type=\"text-editor.default\">\n\t\t\t\t<div class=\"elementor-widget-container\">\n\t\t\t\t\t\t\t\t\t<h5 style=\"text-align: center;\"><strong style=\"font-size: 25px; font-variant-ligatures: inherit; font-variant-caps: inherit;\"><span style=\"color: #ffffff;\"><em style=\"font-weight: normal;\">\u00a0(Director General de HYROX M\u00e9xico) y (Director de Marketing y Sports de HYROX).<\/em><\/span><\/strong><\/h5><p style=\"text-align: center;\">\u00a0<\/p>\t\t\t\t\t\t\t\t<\/div>\n\t\t\t\t<\/div>\n\t\t\t\t<div class=\"elementor-element elementor-element-78d6823 elementor-widget elementor-widget-text-editor\" data-id=\"78d6823\" data-element_type=\"widget\" data-e-type=\"widget\" data-widget_type=\"text-editor.default\">\n\t\t\t\t<div class=\"elementor-widget-container\">\n\t\t\t\t\t\t\t\t\t<p style=\"text-align: center;\"><strong><span style=\"color: #f9b740;\">\u00a0 \u00bfCU\u00c1LES SER\u00c1N LOS HORARIOS?<\/span><\/strong><\/p><p style=\"text-align: center;\"><span style=\"color: #ffffff;\"><strong>\u00a0Contamos con 3 horarios disponibles para ti:<\/strong><\/span><\/p><p style=\"text-align: center;\"><strong style=\"font-family: inherit; font-size: inherit; font-style: inherit; font-variant-ligatures: inherit; font-variant-caps: inherit;\"><span style=\"color: #f9b740;\"><span style=\"color: #ffffff;\">Grupo 1:<\/span> 09:00 &#8211; 12:30 hrs.<\/span><\/strong><\/p><p style=\"text-align: center;\"><strong style=\"font-family: inherit; font-size: inherit; font-style: inherit; font-variant-ligatures: inherit; font-variant-caps: inherit;\"><span style=\"color: #f9b740;\"><span style=\"color: #ffffff;\">Grupo 2:<\/span> 12:30 &#8211; 16:00 hrs.<\/span><\/strong><\/p>\t\t\t\t\t\t\t\t<\/div>\n\t\t\t\t<\/div>\n\t\t\t\t<div class=\"elementor-element elementor-element-d77518a elementor-widget elementor-widget-text-editor\" data-id=\"d77518a\" data-element_type=\"widget\" data-e-type=\"widget\" data-widget_type=\"text-editor.default\">\n\t\t\t\t<div class=\"elementor-widget-container\">\n\t\t\t\t\t\t\t\t\t<p style=\"text-align: center;\"><span style=\"color: #f9b740;\"><strong>TEMARIO:<\/strong><\/span><\/p>\t\t\t\t\t\t\t\t<\/div>\n\t\t\t\t<\/div>\n\t\t\t\t<div class=\"elementor-element elementor-element-c4f16d8 elementor-widget elementor-widget-text-editor\" data-id=\"c4f16d8\" data-element_type=\"widget\" data-e-type=\"widget\" data-widget_type=\"text-editor.default\">\n\t\t\t\t<div class=\"elementor-widget-container\">\n\t\t\t\t\t\t\t\t\t<ul><li><span style=\"color: #ffffff;\">Introducci\u00f3n al formato <strong>HYROX<\/strong>: Historia, estructura, estacione<\/span><span style=\"color: #ffffff;\">s y reglas.<\/span><\/li><li><span style=\"color: #ffffff;\">Fundamentos de movimiento, est\u00e1ndares oficiales de las estaciones <\/span><strong style=\"font-family: inherit; font-size: inherit; font-style: inherit; font-variant-ligatures: inherit; font-variant-caps: inherit; color: #ffffff;\"><span style=\"color: #ffffff;\">H<\/span>YROX<\/strong><span style=\"font-family: inherit; font-size: inherit; font-style: inherit; font-variant-ligatures: inherit; font-variant-caps: inherit; font-weight: inherit; color: #ffffff;\">.<\/span><\/li><li><span style=\"color: #ffffff;\">Gu\u00eda para entrenamiento de grupo\/clase de<\/span> <strong style=\"color: #ffffff; font-family: inherit; font-size: inherit; font-style: inherit; font-variant-ligatures: inherit; font-variant-caps: inherit;\">HYROX<\/strong><span style=\"color: #ffffff; font-family: inherit; font-size: inherit; font-style: inherit; font-variant-ligatures: inherit; font-variant-caps: inherit; font-weight: inherit;\">: Planificaci\u00f3n, b\u00e1sica, periodizaci\u00f3n y tips para coaches.<\/span><\/li><li><span style=\"color: #ffffff;\">Expertos<\/span><strong style=\"font-family: inherit; font-size: inherit; font-style: inherit; font-variant-ligatures: inherit; font-variant-caps: inherit; color: #ffffff;\"> HYROX<\/strong><span style=\"font-family: inherit; font-size: inherit; font-style: inherit; font-variant-ligatures: inherit; font-variant-caps: inherit; font-weight: inherit; color: #ffffff;\"> que explican estrategias de preparaci\u00f3n.<\/span><\/li><li><span style=\"color: #ffffff;\">Sesi\u00f3n de pr\u00e1ctica presencial o aplicaci\u00f3n de lo aprendido en un entorno de entrenamiento<\/span> <strong style=\"color: #ffffff; font-family: inherit; font-size: inherit; font-style: inherit; font-variant-ligatures: inherit; font-variant-caps: inherit;\">HYROX<\/strong><span style=\"color: #ffffff; font-family: inherit; font-size: inherit; font-style: inherit; font-variant-ligatures: inherit; font-variant-caps: inherit; font-weight: inherit;\">.<\/span><\/li><li><span style=\"color: #ffffff;\">Sesiones pr\u00e1cticas y entrenamientos de 30 minutos para grupos de hasta 30 personas en cada espacio de manera rotativa.<\/span><\/li><\/ul>\t\t\t\t\t\t\t\t<\/div>\n\t\t\t\t<\/div>\n\t\t\t\t<div class=\"elementor-element elementor-element-b1618b7 elementor-widget elementor-widget-spacer\" data-id=\"b1618b7\" data-element_type=\"widget\" data-e-type=\"widget\" data-widget_type=\"spacer.default\">\n\t\t\t\t<div class=\"elementor-widget-container\">\n\t\t\t\t\t\t\t<div class=\"elementor-spacer\">\n\t\t\t<div class=\"elementor-spacer-inner\"><\/div>\n\t\t<\/div>\n\t\t\t\t\t\t<\/div>\n\t\t\t\t<\/div>\n\t\t\t\t<div class=\"elementor-element elementor-element-625fed9 elementor-widget elementor-widget-text-editor\" data-id=\"625fed9\" data-element_type=\"widget\" data-e-type=\"widget\" data-widget_type=\"text-editor.default\">\n\t\t\t\t<div class=\"elementor-widget-container\">\n\t\t\t\t\t\t\t\t\t<h4 style=\"text-align: center;\"><strong><span style=\"color: #ffffff;\"><span style=\"color: #f9b740;\">\u00bfCU\u00c1LES SON LOS BENEFICIOS PARA LOS ASISTENTES?<\/span><\/span><\/strong><\/h4>\t\t\t\t\t\t\t\t<\/div>\n\t\t\t\t<\/div>\n\t\t\t\t<div class=\"elementor-element elementor-element-3345ead elementor-widget elementor-widget-text-editor\" data-id=\"3345ead\" data-element_type=\"widget\" data-e-type=\"widget\" data-widget_type=\"text-editor.default\">\n\t\t\t\t<div class=\"elementor-widget-container\">\n\t\t\t\t\t\t\t\t\t<ul><li><span style=\"color: #ffffff;\">Formaci\u00f3n te\u00f3rica-pr\u00e1ctica de 3 horas y 30 minutos impartida por <strong>Nu\u00f1o P\u00e9rez Pl\u00e1.<\/strong> (Director General de HYROX M\u00e9xico).<\/span><\/li><li><span style=\"color: #ffffff;\">Gu\u00eda para entrenamiento de grupo\/clase de<\/span> <strong style=\"color: #ffffff; font-family: inherit; font-size: inherit; font-style: inherit; font-variant-ligatures: inherit; font-variant-caps: inherit;\">HYROX:<\/strong><span style=\"color: #ffffff; font-family: inherit; font-size: inherit; font-style: inherit; font-variant-ligatures: inherit; font-variant-caps: inherit; font-weight: inherit;\"> Planificaci\u00f3n, b\u00e1sica, periodizaci\u00f3n, tips para coaches.<\/span><\/li><li><strong style=\"color: #f9b740; font-family: inherit; font-size: inherit; font-style: inherit; font-variant-ligatures: inherit; font-variant-caps: inherit;\">DIPLOMA DE PARTICIPACI\u00d3N.<\/strong><\/li><li><strong style=\"color: #ffffff; font-family: inherit; font-size: inherit; font-style: inherit; font-variant-ligatures: inherit; font-variant-caps: inherit;\">10% de descuento<\/strong><span style=\"color: #ffffff; font-family: inherit; font-size: inherit; font-style: inherit; font-variant-ligatures: inherit; font-variant-caps: inherit; font-weight: inherit;\"> en <strong>Level 1<\/strong> por haber asistido a la formaci\u00f3n.<\/span><\/li><li><strong style=\"color: #ffffff; font-family: inherit; font-size: inherit; font-style: inherit; font-variant-ligatures: inherit; font-variant-caps: inherit;\">10% de descuento<\/strong><span style=\"color: #ffffff; font-family: inherit; font-size: inherit; font-style: inherit; font-variant-ligatures: inherit; font-variant-caps: inherit; font-weight: inherit;\"> en compra de <strong>equipamiento center.<\/strong><\/span><\/li><\/ul>\t\t\t\t\t\t\t\t<\/div>\n\t\t\t\t<\/div>\n\t\t\t\t<div class=\"elementor-element elementor-element-4ed8496 elementor-widget elementor-widget-spacer\" data-id=\"4ed8496\" data-element_type=\"widget\" data-e-type=\"widget\" data-widget_type=\"spacer.default\">\n\t\t\t\t<div class=\"elementor-widget-container\">\n\t\t\t\t\t\t\t<div class=\"elementor-spacer\">\n\t\t\t<div class=\"elementor-spacer-inner\"><\/div>\n\t\t<\/div>\n\t\t\t\t\t\t<\/div>\n\t\t\t\t<\/div>\n\t\t\t\t<div class=\"elementor-element elementor-element-d3384f8 elementor-widget elementor-widget-text-editor\" data-id=\"d3384f8\" data-element_type=\"widget\" data-e-type=\"widget\" data-widget_type=\"text-editor.default\">\n\t\t\t\t<div class=\"elementor-widget-container\">\n\t\t\t\t\t\t\t\t\t<p style=\"text-align: center;\"><strong><span style=\"color: #f9b740;\">\u00bfD\u00d3NDE Y CU\u00c1NDO SE REALIZAR\u00c1?<\/span><\/strong><\/p><p style=\"text-align: center;\"><strong style=\"font-family: inherit; font-size: inherit; font-style: inherit; font-variant-ligatures: inherit; font-variant-caps: inherit;\"><span style=\"color: #ffffff;\">20 y 21 de Noviembre (Jueves y Viernes)<\/span><\/strong><\/p><p style=\"text-align: center;\"><span style=\"color: #ffffff;\"><b><span style=\"color: #f9b740;\">Zona HYROX<\/span> dentro de <span style=\"color: #f9b740;\">Wellness &amp; Fitness LATAM<\/span><\/b><\/span><\/p><p style=\"text-align: center;\"><strong><span style=\"color: #ffffff;\">\u00a0en Expo Guadalajara. Guadalajara, M\u00e9xico.<\/span><\/strong><\/p>\t\t\t\t\t\t\t\t<\/div>\n\t\t\t\t<\/div>\n\t\t\t\t<div class=\"elementor-element elementor-element-ea96093 elementor-widget elementor-widget-spacer\" data-id=\"ea96093\" data-element_type=\"widget\" data-e-type=\"widget\" data-widget_type=\"spacer.default\">\n\t\t\t\t<div class=\"elementor-widget-container\">\n\t\t\t\t\t\t\t<div class=\"elementor-spacer\">\n\t\t\t<div class=\"elementor-spacer-inner\"><\/div>\n\t\t<\/div>\n\t\t\t\t\t\t<\/div>\n\t\t\t\t<\/div>\n\t\t\t\t<div class=\"elementor-element elementor-element-58ede1b elementor-align-center elementor-widget elementor-widget-button\" data-id=\"58ede1b\" data-element_type=\"widget\" data-e-type=\"widget\" data-widget_type=\"button.default\">\n\t\t\t\t<div class=\"elementor-widget-container\">\n\t\t\t\t\t\t\t\t\t<div class=\"elementor-button-wrapper\">\n\t\t\t\t\t<a class=\"elementor-button elementor-button-link elementor-size-sm\" href=\"https:\/\/ticketland.mx\/evento\/wellnessfitnesslatam\/Taller%201%20HYROX%20-%2020%20Nov\">\n\t\t\t\t\t\t<span class=\"elementor-button-content-wrapper\">\n\t\t\t\t\t\t\t\t\t<span class=\"elementor-button-text\">ADQUIERE TUS ACCESOS<\/span>\n\t\t\t\t\t<\/span>\n\t\t\t\t\t<\/a>\n\t\t\t\t<\/div>\n\t\t\t\t\t\t\t\t<\/div>\n\t\t\t\t<\/div>\n\t\t\t\t<div class=\"elementor-element elementor-element-b3d2c7c elementor-widget elementor-widget-text-editor\" data-id=\"b3d2c7c\" data-element_type=\"widget\" data-e-type=\"widget\" data-widget_type=\"text-editor.default\">\n\t\t\t\t<div class=\"elementor-widget-container\">\n\t\t\t\t\t\t\t\t\t<p style=\"text-align: center;\"><em><span style=\"color: #f9b740;\">Tambi\u00e9n puedes adquirir tus accesos en taquilla el d\u00eda del evento<\/span><\/em><\/p>\t\t\t\t\t\t\t\t<\/div>\n\t\t\t\t<\/div>\n\t\t\t\t<div class=\"elementor-element elementor-element-b2c0350 elementor-widget elementor-widget-spacer\" data-id=\"b2c0350\" data-element_type=\"widget\" data-e-type=\"widget\" data-widget_type=\"spacer.default\">\n\t\t\t\t<div class=\"elementor-widget-container\">\n\t\t\t\t\t\t\t<div class=\"elementor-spacer\">\n\t\t\t<div class=\"elementor-spacer-inner\"><\/div>\n\t\t<\/div>\n\t\t\t\t\t\t<\/div>\n\t\t\t\t<\/div>\n\t\t\t\t<div class=\"elementor-element elementor-element-86ed821 elementor-widget elementor-widget-image\" data-id=\"86ed821\" data-element_type=\"widget\" data-e-type=\"widget\" data-widget_type=\"image.default\">\n\t\t\t\t<div class=\"elementor-widget-container\">\n\t\t\t\t\t\t\t\t\t\t\t\t\t\t\t<img decoding=\"async\" width=\"1000\" height=\"350\" src=\"https:\/\/wflatam.com\/wp-content\/uploads\/2025\/11\/banner_Entrenamiento_HYROX.png\" class=\"attachment-large size-large wp-image-2320\" alt=\"\" srcset=\"https:\/\/wflatam.com\/wp-content\/uploads\/2025\/11\/banner_Entrenamiento_HYROX.png 1000w, https:\/\/wflatam.com\/wp-content\/uploads\/2025\/11\/banner_Entrenamiento_HYROX-300x105.png 300w, https:\/\/wflatam.com\/wp-content\/uploads\/2025\/11\/banner_Entrenamiento_HYROX-768x269.png 768w\" sizes=\"(max-width: 1000px) 100vw, 1000px\" \/>\t\t\t\t\t\t\t\t\t\t\t\t\t\t\t<\/div>\n\t\t\t\t<\/div>\n\t\t\t\t<div class=\"elementor-element elementor-element-cdae150 elementor-widget elementor-widget-spacer\" data-id=\"cdae150\" data-element_type=\"widget\" data-e-type=\"widget\" data-widget_type=\"spacer.default\">\n\t\t\t\t<div class=\"elementor-widget-container\">\n\t\t\t\t\t\t\t<div class=\"elementor-spacer\">\n\t\t\t<div class=\"elementor-spacer-inner\"><\/div>\n\t\t<\/div>\n\t\t\t\t\t\t<\/div>\n\t\t\t\t<\/div>\n\t\t\t\t<div class=\"elementor-element elementor-element-9e5fe19 elementor-widget elementor-widget-text-editor\" data-id=\"9e5fe19\" data-element_type=\"widget\" data-e-type=\"widget\" data-widget_type=\"text-editor.default\">\n\t\t\t\t<div class=\"elementor-widget-container\">\n\t\t\t\t\t\t\t\t\t<p style=\"text-align: center;\"><span style=\"color: #ffffff;\">Llega la experiencia de entrenamiento <strong>HYROX<\/strong> a Wellness &amp; Fitness LATAM<\/span><span style=\"color: #ffffff; font-family: inherit; font-size: inherit; font-style: inherit; font-variant-ligatures: inherit; font-variant-caps: inherit; font-weight: inherit;\">. <strong>Experimenta el entrenamiento<\/strong> oficial que est\u00e1 marcando un nuevo est\u00e1ndar en el fitness competitivo con <strong>una sesi\u00f3n dise\u00f1ada<\/strong> para retarte, impulsarte y llevarte al siguiente nivel.<\/span><\/p>\t\t\t\t\t\t\t\t<\/div>\n\t\t\t\t<\/div>\n\t\t\t\t<div class=\"elementor-element elementor-element-d964e07 elementor-widget elementor-widget-text-editor\" data-id=\"d964e07\" data-element_type=\"widget\" data-e-type=\"widget\" data-widget_type=\"text-editor.default\">\n\t\t\t\t<div class=\"elementor-widget-container\">\n\t\t\t\t\t\t\t\t\t<p style=\"text-align: center;\"><strong><span style=\"color: #f9b740;\">&nbsp; \u00bfCU\u00c1LES SER\u00c1N LOS HORARIOS?<\/span><\/strong><\/p>\n<p style=\"text-align: center;\"><span style=\"color: #ffffff;\"><strong>&nbsp;Contamos con 3 horarios disponibles para ti:<\/strong><\/span><\/p>\n<p style=\"text-align: center;\"><span style=\"color: #ffffff;\"><strong>&nbsp;<\/strong><\/span><\/p>\n<p style=\"text-align: center;\"><strong style=\"font-family: inherit; font-size: inherit; font-style: inherit; font-variant-ligatures: inherit; font-variant-caps: inherit;\"><span style=\"color: #f9b740;\"><span style=\"color: #ffffff;\">Grupo 1:<\/span>&nbsp;16:00 &#8211; 17:00 hrs.<\/span><\/strong><\/p>\n<p style=\"text-align: center;\"><strong style=\"font-family: inherit; font-size: inherit; font-style: inherit; font-variant-ligatures: inherit; font-variant-caps: inherit;\"><span style=\"color: #f9b740;\"><span style=\"color: #ffffff;\">Grupo 2:<\/span> 17:00 &#8211; 18:00 hrs.<\/span><\/strong><\/p>\n<p style=\"text-align: center;\"><strong style=\"font-family: inherit; font-size: inherit; font-style: inherit; font-variant-ligatures: inherit; font-variant-caps: inherit;\"><span style=\"color: #f9b740;\">&nbsp;<\/span><\/strong><strong style=\"font-family: inherit; font-size: inherit; font-style: inherit; font-variant-ligatures: inherit; font-variant-caps: inherit;\"><span style=\"color: #f9b740;\"><span style=\"color: #ffffff;\">Grupo 3:<\/span> 18:00 &#8211; 19:00 hrs.<\/span><\/strong><\/p>\t\t\t\t\t\t\t\t<\/div>\n\t\t\t\t<\/div>\n\t\t\t\t<div class=\"elementor-element elementor-element-1823f5b elementor-widget elementor-widget-spacer\" data-id=\"1823f5b\" data-element_type=\"widget\" data-e-type=\"widget\" data-widget_type=\"spacer.default\">\n\t\t\t\t<div class=\"elementor-widget-container\">\n\t\t\t\t\t\t\t<div class=\"elementor-spacer\">\n\t\t\t<div class=\"elementor-spacer-inner\"><\/div>\n\t\t<\/div>\n\t\t\t\t\t\t<\/div>\n\t\t\t\t<\/div>\n\t\t\t\t<div class=\"elementor-element elementor-element-7883550 elementor-widget elementor-widget-text-editor\" data-id=\"7883550\" data-element_type=\"widget\" data-e-type=\"widget\" data-widget_type=\"text-editor.default\">\n\t\t\t\t<div class=\"elementor-widget-container\">\n\t\t\t\t\t\t\t\t\t<p style=\"text-align: center;\"><strong><span style=\"color: #f9b740;\">\u00bfD\u00d3NDE Y CU\u00c1NDO SE REALIZAR\u00c1?<\/span><\/strong><\/p><p style=\"text-align: center;\"><strong style=\"font-family: inherit; font-size: inherit; font-style: inherit; font-variant-ligatures: inherit; font-variant-caps: inherit;\"><span style=\"color: #ffffff;\">20 y 21 de Noviembre (Jueves y Viernes)<\/span><\/strong><\/p><p style=\"text-align: center;\"><span style=\"color: #ffffff;\"><b><span style=\"color: #f9b740;\">Zona HYROX<\/span> dentro de <span style=\"color: #f9b740;\">Wellness &amp; Fitness LATAM<\/span><\/b><\/span><\/p><p style=\"text-align: center;\"><strong><span style=\"color: #ffffff;\">\u00a0en Expo Guadalajara. Guadalajara, M\u00e9xico.<\/span><\/strong><\/p>\t\t\t\t\t\t\t\t<\/div>\n\t\t\t\t<\/div>\n\t\t\t\t<div class=\"elementor-element elementor-element-72a4690 elementor-widget elementor-widget-spacer\" data-id=\"72a4690\" data-element_type=\"widget\" data-e-type=\"widget\" data-widget_type=\"spacer.default\">\n\t\t\t\t<div class=\"elementor-widget-container\">\n\t\t\t\t\t\t\t<div class=\"elementor-spacer\">\n\t\t\t<div class=\"elementor-spacer-inner\"><\/div>\n\t\t<\/div>\n\t\t\t\t\t\t<\/div>\n\t\t\t\t<\/div>\n\t\t\t\t<div class=\"elementor-element elementor-element-b23fd28 elementor-align-center elementor-widget elementor-widget-button\" data-id=\"b23fd28\" data-element_type=\"widget\" data-e-type=\"widget\" data-widget_type=\"button.default\">\n\t\t\t\t<div class=\"elementor-widget-container\">\n\t\t\t\t\t\t\t\t\t<div class=\"elementor-button-wrapper\">\n\t\t\t\t\t<a class=\"elementor-button elementor-button-link elementor-size-sm\" href=\"https:\/\/ticketland.mx\/evento\/wellnessfitnesslatam\/Entrenamiento%201%20Hyrox%20-%2020%20de%20noviembre\">\n\t\t\t\t\t\t<span class=\"elementor-button-content-wrapper\">\n\t\t\t\t\t\t\t\t\t<span class=\"elementor-button-text\">ADQUIERE TUS ACCESOS<\/span>\n\t\t\t\t\t<\/span>\n\t\t\t\t\t<\/a>\n\t\t\t\t<\/div>\n\t\t\t\t\t\t\t\t<\/div>\n\t\t\t\t<\/div>\n\t\t\t\t<div class=\"elementor-element elementor-element-1c63090 elementor-widget elementor-widget-text-editor\" data-id=\"1c63090\" data-element_type=\"widget\" data-e-type=\"widget\" data-widget_type=\"text-editor.default\">\n\t\t\t\t<div class=\"elementor-widget-container\">\n\t\t\t\t\t\t\t\t\t<p style=\"text-align: center;\"><em><span style=\"color: #f9b740;\">Tambi\u00e9n puedes adquirir tus accesos en taquilla el d\u00eda del evento<\/span><\/em><\/p>\t\t\t\t\t\t\t\t<\/div>\n\t\t\t\t<\/div>\n\t\t\t\t<div class=\"elementor-element elementor-element-30a464e elementor-widget elementor-widget-spacer\" data-id=\"30a464e\" data-element_type=\"widget\" data-e-type=\"widget\" data-widget_type=\"spacer.default\">\n\t\t\t\t<div class=\"elementor-widget-container\">\n\t\t\t\t\t\t\t<div class=\"elementor-spacer\">\n\t\t\t<div class=\"elementor-spacer-inner\"><\/div>\n\t\t<\/div>\n\t\t\t\t\t\t<\/div>\n\t\t\t\t<\/div>\n\t\t\t\t\t<\/div>\n\t\t\t\t<\/div>\n\t\t<div class=\"elementor-element elementor-element-dce3881 e-flex e-con-boxed e-con e-parent\" data-id=\"dce3881\" data-element_type=\"container\" data-e-type=\"container\">\n\t\t\t\t\t<div class=\"e-con-inner\">\n\t\t\t\t\t<\/div>\n\t\t\t\t<\/div>\n\t\t\t\t<\/div>\n\t\t","protected":false},"excerpt":{"rendered":"<p>Esta certificaci\u00f3n est\u00e1 centrada en una experiencia de formaci\u00f3n te\u00f3rica y pr\u00e1ctica dise\u00f1ada para entrenadores, atletas y apasionados del fitness que buscan llevar su conocimiento de HYROX al siguiente nivel. SER\u00c1 IMPARTIDO POR: Nu\u00f1o P\u00e9rez Pl\u00e1 y Alan Benabib \u00a0(Director General de HYROX M\u00e9xico) y (Director de Marketing y Sports de HYROX). \u00a0 \u00a0 \u00bfCU\u00c1LES [&hellip;]<\/p>\n","protected":false},"author":2,"featured_media":0,"parent":0,"menu_order":0,"comment_status":"closed","ping_status":"closed","template":"","meta":{"footnotes":""},"class_list":["post-1619","page","type-page","status-publish","hentry"],"blocksy_meta":[],"_links":{"self":[{"href":"https:\/\/wflatam.com\/index.php?rest_route=\/wp\/v2\/pages\/1619","targetHints":{"allow":["GET"]}}],"collection":[{"href":"https:\/\/wflatam.com\/index.php?rest_route=\/wp\/v2\/pages"}],"about":[{"href":"https:\/\/wflatam.com\/index.php?rest_route=\/wp\/v2\/types\/page"}],"author":[{"embeddable":true,"href":"https:\/\/wflatam.com\/index.php?rest_route=\/wp\/v2\/users\/2"}],"replies":[{"embeddable":true,"href":"https:\/\/wflatam.com\/index.php?rest_route=%2Fwp%2Fv2%2Fcomments&post=1619"}],"version-history":[{"count":112,"href":"https:\/\/wflatam.com\/index.php?rest_route=\/wp\/v2\/pages\/1619\/revisions"}],"predecessor-version":[{"id":2332,"href":"https:\/\/wflatam.com\/index.php?rest_route=\/wp\/v2\/pages\/1619\/revisions\/2332"}],"wp:attachment":[{"href":"https:\/\/wflatam.com\/index.php?rest_route=%2Fwp%2Fv2%2Fmedia&parent=1619"}],"curies":[{"name":"wp","href":"https:\/\/api.w.org\/{rel}","templated":true}]}}